l(n) = -9*n - 8. Suppose -2*r - 4 = -0*r. What is the remainder when 109 is divided by l(r)?
9
What is the remainder when (-339)/((-30)/135 - (-75)/(-27)) is divided by 52?
9
Suppose 0 = 2*j + 2*j - 36. Let l be 3/(-6)*(0 + 4). What is the remainder when (6/(-12))/(l/52) is divided by j?
4
Let x = -92 + 185. Calculate the remainder when x is divided by 48.
45
Let k = 33 - 5. Suppose z + 2*z = 3*s + 33, -4*s = 5*z - k. What is the remainder when z is divided by 3?
2
Suppose 8 - 3 = d. Suppose d*c - 5*u = -u + 55, u = 4*c - 44. Suppose 4*n - 26 = 58. Calculate the remainder when n is divided by c.
10
Let d be 10/(-6)*(-5 + 2). What is the remainder when (-1)/d - 1512/(-35) is divided by 9?
7
Let q(s) = s**3 + 8*s**2 - 20*s - 20. Suppose -u - 3 = 6. What is the remainder when q(u) is divided by 40?
39
Suppose s - 27 = 2*a, -s - 4*a + 22 = -29. Calculate the remainder when 103 is divided by s.
33
Let l = -181 + 193. Calculate the remainder when 444/8 + 2/(-4) is divided by l.
7
Suppose 4*v = -o + 1 + 12, -23 = 5*o - 2*v. Let x be ((-114)/12)/(o/(-6)). Let m = x + 49. What is the remainder when 88 is divided by m?
28
Let j(s) = -3*s - 15. Let f be j(-6). Suppose 17 + 13 = f*n. Calculate the remainder when 77 is divided by n.
7
Let h(l) = l**2 + 25*l + 157. Calculate the remainder when 268 is divided by h(-16).
8
Let q(t) = 3*t**2 + 4*t - 3. Let h(w) = 79*w**3 - 3*w**2 - 2*w. Let n be h(-1). Let z = n + 89. What is the remainder when q(2) is divided by z?
8
Let y(i) = -16*i**2 - i - 1. Let x(v) = v**3 - 18*v**2 + v - 17. Let m be x(18). Let n be y(m). What is the remainder when 1 + (-6)/(n/21) is divided by 2?
0
Let l(f) be the first derivative of f**3/3 - 10*f - 6. Calculate the remainder when 22 is divided by l(-4).
4
Let q = -115 - -291. Calculate the remainder when q is divided by 55.
11
Let m(y) = y**2 - 13*y + 12. Let q be (-3 + 57/6)*2. Calculate the remainder when 58 is divided by m(q).
10
Let f = 1227 - 260. Calculate the remainder when f is divided by 57.
55
Let r(t) = t**2 - 6*t - 12. What is the remainder when 91 is divided by r(-4)?
7
Suppose 0 = -h - 35 + 57. What is the remainder when h is divided by 8?
6
Let s be (-2 - -4)*(23 - -1). Let i = s + -23. What is the remainder when i is divided by (3 + -1)/(-3*12/(-162))?
7
Let h be 9/(-15) + 24/15. Let n(u) = 2*u - u - h - 5*u - 11. What is the remainder when 46 is divided by n(-6)?
10
Suppose 133 = 2*g + 2*n + 119, -2*n = -g - 8. Calculate the remainder when g is divided by 2.
0
Let o(g) = -g**3 - 2*g**2 - g + 2. Let y be o(-4). Let n = 15 + y. Suppose 0 = 3*i - 122 + 68. Calculate the remainder when n is divided by i.
17
Suppose -p - 4 = -1, 5*v - 43 = p. Suppose 0*d = 29*d - 406. What is the remainder when d is divided by v?
6
Suppose 0 = d - 2*d + 2*d. Suppose d = -c - 2 + 4. Calculate the remainder when 6 is divided by c.
0
Suppose -3*q - 2*z = -22, 3*q - 4*z + 8 = -0*q. Let d be ((-80)/50)/(4/(-70)). What is the remainder when 372/d - q/14 is divided by 5?
3
Suppose 0 = 4*j - 10 - 74. Suppose -410 = -348*o + 343*o. What is the remainder when o is divided by j?
19
Let a = -157 + 163. What is the remainder when 18 is divided by a?
0
Suppose -3*k + 20 = -1. Suppose 0 = 2*v - 0*v - 4*r, -r + 1 = -v. What is the remainder when (2/3 - v)*(-36)/(-6) is divided by k?
2
Suppose -4*p + 201 + 31 = 0. Let i(j) = j. Let s(q) = -16. Let o(y) = -3*i(y) + s(y). Calculate the remainder when p is divided by o(-12).
18
Let i be (32/(-10))/((-3)/75). Suppose 2*j = -i + 266. Calculate the remainder when j is divided by 32.
29
Suppose -33*c - 56*c + 2670 = 0. What is the remainder when 142 is divided by c?
22
Let f = -43 + 90. Let l = f - 28. Calculate the remainder when 73 is divided by l.
16
Let b = -597 + 784. Calculate the remainder when b is divided by 4.
3
Let y be 274/10 + (6/10 - 0). Suppose 126*x + y = 130*x. What is the remainder when x is divided by -1*-3*1 + 1?
3
Let v = 686 + -451. Calculate the remainder when v is divided by 40.
35
Suppose 5*m + 3*p - 1061 + 357 = 0, 4*m - 562 = -2*p. What is the remainder when m is divided by 36?
31
Let k = 95 - 93. Suppose 5*z = x - 2*x - 17, 0 = k*x - 4*z - 36. What is the remainder when 31 is divided by x?
7
Let i be (15/10 - 1)*-4. Let v(r) = r**2 - r + 1. Let x(w) = -17*w**2 - 6*w + 4. Let n(u) = 6*v(u) - x(u). What is the remainder when n(i) is divided by 32?
30
Let d be (1 - 5)/(-5 + (-27)/(-6)). What is the remainder when 62 is divided by 4 - ((-355)/20 - 2/d)?
18
Suppose 0 = -5*b - 20, 2*u + b - 58 = 102. What is the remainder when 2130 is divided by u?
80
Let v = -1621 - -1926. Calculate the remainder when v is divided by 10.
5
Suppose -84*v + 94*v - 40 = 0. Calculate the remainder when 114 is divided by v.
2
Suppose 0 = -3*j - 6, -4*i - 5 - 13 = -3*j. What is the remainder when i/(72/(-140))*3 is divided by 9?
8
Let u = -4481 - -4526. Calculate the remainder when u is divided by 144/10 + (-2)/5.
3
Let j(v) = 2*v - 12. Let z be j(12). Let t = 19 - z. What is the remainder when 11 is divided by t?
4
Suppose -3*d - 42 = 2*v - 6*v, -4*d - 31 = 3*v. Let q = -6 - d. Suppose q*c - 3*h = 154, -5*c - 23 = 4*h - 200. What is the remainder when c is divided by 10?
7
Let q(r) = 3*r**3 - 7*r**2 + 8*r - 4. Calculate the remainder when 103 is divided by q(3).
27
Suppose 2*r = -3*r - 3*x + 46, 4*r - 59 = 5*x. Suppose 58 = m + 2*t, -m + 30 + 18 = -3*t. Calculate the remainder when m is divided by r.
10
What is the remainder when 2 - ((-24)/(-8) + -50) is divided by 22?
5
Suppose -2*k + 3*k = 2. What is the remainder when ((-14)/(-4) - 3)*k is divided by (0 + -3)*1/(-3)?
0
Suppose 2*j - 10 + 6 = 0, 0 = 3*s - 4*j - 3223. Calculate the remainder when s is divided by 60.
57
What is the remainder when -5 - 4462/(-22) - (-8)/44 is divided by 29?
24
Let w = 66 + 27. What is the remainder when w is divided by 6?
3
Let q be ((-10)/30)/((-1)/39). Suppose -14 = -q*b + 11*b. Let j(d) = 4*d + 41. Calculate the remainder when j(-8) is divided by b.
2
Let o = 3567 - 3562. Suppose -6*l + 2*l + 16 = 0. Calculate the remainder when o is divided by l.
1
Let t be 5 + (-2)/(0 - -2). Suppose -3*f - 2*n + 73 = 0, 4*f - 60 = -t*n + 40. Calculate the remainder when 43 is divided by f.
20
Let y(s) = -5*s + 2. Let k be y(-2). Let v be (k/7)/((-4)/42). Calculate the remainder when (-706)/v + 12/(-54) is divided by 14.
11
Let l(x) = -32*x. Let y = -1670 - -1680. What is the remainder when l(-1) is divided by y?
2
Let b(c) = 27*c**2 - c. Let s = 43 - 41. Suppose -45 = -4*r - 5*a, 0 = r + s*a - 1 - 8. What is the remainder when b(-1) is divided by r?
13
Let h(w) = -2*w**3 - w**2. Let s be h(1). Let z = s - -5. Suppose 0 = -z*o + 7*o - 55. Calculate the remainder when 42 is divided by o.
9
Suppose 10*a - 8*a - 138 = 0. Suppose 4*t + 0*i = -5*i + a, 64 = 4*t + 4*i. What is the remainder when 65 is divided by t?
10
Let x be (-8)/36 - 0 - 600/(-27). Let z = 58 - x. What is the remainder when z is divided by 3/(-2)*(-26)/3?
10
Let x = -33 - -38. Suppose 210 = -0*g + x*g. Calculate the remainder when 167 is divided by g.
41
Let k = 6 - 14. Suppose -8*x - 18 - 14 = 0. What is the remainder when (-4)/k + (-194)/x is divided by 17?
15
Suppose -7*l = 5*l - 360. Let i(m) = 70*m**2 + 4*m - 4. Calculate the remainder when i(-2) is divided by l.
28
Let m be 251/(-10) + 13/130. Let n = 87 + -44. Let z = n + m. Calculate the remainder when 69 is divided by z.
15
Suppose -7*k = -14*k + 329. Calculate the remainder when 751 is divided by k.
46
Let z = 104 - 84. Suppose w + w = 2*h + 112, 5*w + 4*h = 307. What is the remainder when w is divided by z?
19
Let z = -14 + 28. Calculate the remainder when 127 is divided by 4 - (-6 - -4)*z.
31
Let h = -1305 + 1415. What is the remainder when h is divided by 28?
26
Let u(a) = a**2 + 2*a + 6. Let l be u(-5). Let z = -7 + l. Suppose 0 = -m + 2*m + 3*s - 64, -2*m = -5*s - 95. What is the remainder when m is divided by z?
13
Let a(s) = 2*s**2 + 18*s - 113. What is the remainder when a(-16) is divided by 13?
7
Suppose 2*t - 30 = -2*f, -f + 5*t - 6 = 3. Calculate the remainder when 32 is divided by f.
10
Suppose r - 4*t - 21 = 0, 6*r - 29 = r + t. Let n(b) = b - 2. Let j(v) = -v + 1. Let y(w) = 4*j(w) + 3*n(w). What is the remainder when y(-9) is divided by r?
2
Let t 